erivative of r**6/120 - r**5/12 + r**4/6 + r**3 - 17*r**2. List the prime factors of l(d).
2, 13
Suppose 69*b - 1677 = 68*b. List the prime factors of b.
3, 13, 43
Let o(i) = 440*i + 375. List the prime factors of o(7).
5, 691
Let i(g) = -14*g**3 + g. Let a = 8 - 5. Let n = a + -4. List the prime factors of i(n).
13
Suppose -3520 + 11170 = 9*k. What are the prime factors of k?
2, 5, 17
Let c = -371 - -666. List the prime factors of c.
5, 59
Suppose 5*l = 5, -11*t - 2417 = -12*t + 3*l. List the prime factors of t.
2, 5, 11
Suppose -3*n - 5*i = 23 + 102, n + 53 = 4*i. List the prime factors of (-1 - (-1)/3)*n.
2, 3, 5
Let z = -273 - -973. List the prime factors of z.
2, 5, 7
Suppose -32*g = -225267 + 81523. What are the prime factors of g?
2, 1123
Let i(u) = 8*u - 7*u - 6 + 0. Let b be i(6). Suppose b*q = -q + 13. What are the prime factors of q?
13
Let v(s) = -4*s**3 + 9*s**2 + s - 4. Let y be v(-6). Suppose -9*g + 397 = -y. What are the prime factors of g?
5, 7
Suppose -4*f - 2 = -14. Suppose 2*n + f*n - 190 = 5*s, -4*s - 53 = -n. What are the prime factors of n?
3, 11
Suppose -3*r + 3 = 5*f, 0*f + 1 = -f - r. Suppose -355 = -f*p - 2*p. List the prime factors of p.
71
Suppose 15 = 5*g - 0. Let z = 3 - g. Suppose z*l - 2*l = -34. What are the prime factors of l?
17
Let s = -6 - -8. Let j be s/(-6)*(-6)/2. Suppose -u - j + 9 = 0. List the prime factors of u.
2
Let b = -43 - -62. Let x = b - 25. Let q = 1 - x. List the prime factors of q.
7
Let m(j) be the first derivative of -j**2/2 + 2*j + 1. Let z be m(2). Let x = 54 - z. What are the prime factors of x?
2, 3
Suppose -13*s + 52 = -17*s. Suppose 3*a - 4*a = -78. Let l = s + a. What are the prime factors of l?
5, 13
Let b = 238 + -6. Suppose 4*n - b = -2*m, 2*n - 4*n = -3*m - 108. List the prime factors of n.
3, 19
Suppose 0 = -n + 2*q + 671, -4*n - 5*q + 2717 = -2*q. Suppose -n = -7*y + 177. What are the prime factors of y?
2, 61
Suppose 0 = 5*u - n + 10, -5*u + 3 = 5*n + 13. Let v(b) = -3*b**3 - 4*b**2 + 2*b + 3. List the prime factors of v(u).
7
Let v = 13 - 11. Suppose -2*j + g + 3 = 4, 2*j + 6 = v*g. List the prime factors of j.
2
Let l(r) = 5*r**2 + r - 4. Suppose -o + 0 - 1 = 2*f, 2*o + 8 = -f. What are the prime factors of l(f)?
2, 3
Suppose 0 = 5*a + 2*q + 710, -155 = -4*a + 2*q - 705. Let c = 207 + a. List the prime factors of c.
67
Let c(b) = b - 11. Let o be c(16). Suppose 78 = 2*k + 3*g + g, o*g = 3*k - 128. List the prime factors of k.
41
Let x(b) = -88*b - 27. List the prime factors of x(-14).
5, 241
Let t(y) = y**3 - y**2 - 2*y + 2. Let x be t(2). Let q be ((-4)/8)/(x/(-328)). Let a = -32 + q. What are the prime factors of a?
2, 5
Let j(r) be the third derivative of -5*r**4/8 - r**3/2 + 4*r**2. Let h be j(3). Let u = -25 - h. What are the prime factors of u?
23
Let h(p) = -p + 2 + 2*p - p + 5*p. Let z be h(12). Suppose 0 = b - z + 12. What are the prime factors of b?
2, 5
Let r(y) be the second derivative of 0 - 5/3*y**3 - 1/20*y**5 + 2*y**2 + 13/12*y**4 - 6*y. What are the prime factors of r(12)?
2, 7
Let d = -44 + 66. Let k = -12 - d. List the prime factors of 1241/k*(-1 + -1).
73
Suppose -l + 3*l - 2594 = -2*y, -5*y + 2*l + 6478 = 0. List the prime factors of y.
2, 3
Let r = 59 + -46. Suppose -17*a = -r*a - 276. List the prime factors of a.
3, 23
Let f(w) be the first derivative of -w**3/3 + 9*w**2 - 23*w - 22. What are the prime factors of f(11)?
2, 3
Let o(c) = -c**2 + 10*c + 2. Let y be o(10). Suppose 2*z = -y*z + 104. What are the prime factors of z?
2, 13
Let i(k) = -k**3 - 5*k**2 + 2. Let t be -6*1 + 2 - -2. Let n be i(t). List the prime factors of (-18)/n*(-25)/(-3).
3, 5
Let b(d) = 2*d - 1 + 0 - 2 + d**2 + 0*d**2. Suppose 3*n + 11 = -4*t - 1, 4*n + 16 = -3*t. List the prime factors of b(n).
5
Let g be (-9)/(162/(-56)) - (-1)/(-9). What are the prime factors of (-2)/g*246*4/(-16)?
41
Suppose 3*b - 790 = 8*b. Let s = -69 - b. What are the prime factors of s?
89
Suppose -l + 35 = 2*i, 3*i - 28 = -2*l + 24. Let n be i/6 + 12 + -1. Suppose -q = n - 74. List the prime factors of q.
2, 3, 5
What are the prime factors of (-12)/(-24) - 1682/(-4)?
421
List the prime factors of 447/((-136)/16 + 9).
2, 3, 149
List the prime factors of 1191 - -23 - (2 - 5).
1217
Let o = -64 + 68. What are the prime factors of (-2)/o + (-133)/(-2)?
2, 3, 11
Suppose 2*a = 4*a - 4*i + 4, -i + 22 = 3*a. Let k be ((-488)/12)/(a/9). Let u = k - -85. List the prime factors of u.
2, 3
Let q(v) = v + 13. Let s be q(-10). Suppose 0 = 3*c - 4*n - 636, s*n = 2*c + 7*n - 424. What are the prime factors of c?
2, 53
Let g(p) = 2*p**2 - p. Let l be g(2). List the prime factors of l/(-12) - (-82)/4.
2, 5
List the prime factors of ((-30)/4 - -6)/((-3)/7328).
2, 229
Let y be -9 + 4 + 3*1. Let n be y - (-2)/(3 - 2). List the prime factors of 13 + (n - -3 - 3).
13
Let n be 1 + (2/(-2) - 0). Suppose n = -5*d - h + 36, 2*h + 25 = 2*d + 1. Suppose -3*c = -d*c + 105. What are the prime factors of c?
3, 7
Suppose 0*c + 5*c = 4*m + 8798, 4*c + m = 7051. List the prime factors of c.
2, 881
Suppose 0 = -531*t + 534*t - 10539. List the prime factors of t.
3, 1171
Let g be ((-1)/(-2) + 0)*-2. Let p be g + 13 + 21/(-7). What are the prime factors of 30*(1 - 3/p)?
2, 5
Suppose 2*h - 1326 = 3*x, 3*h = -3*x - 2*x + 1951. What are the prime factors of h?
3, 73
Suppose 21*g - 5454 = 5382. What are the prime factors of g?
2, 3, 43
Suppose -7*p = -10*p - 12. List the prime factors of 18/p*(2 + -9 + -1).
2, 3
Let w(t) = 2*t**3 - 8*t**2 + 45*t - 8. List the prime factors of w(5).
3, 89
Let p be (-2)/1 - (-20)/4. Let c be ((-4)/12)/(1/p). What are the prime factors of 28 + 4/4*c?
3
Let c be -1 + (12*-108)/(-4). Suppose -9*j - c = -1043. List the prime factors of j.
2, 5
Let d(a) = a**2 - 3*a - 6. Let w be d(-2). Suppose -672 = -z - 2*z + 5*g, -w*z + 928 = 4*g. List the prime factors of z.
229
Suppose 5*a - 10 = 0, -l + 1124 = -2*a + 105. List the prime factors of l.
3, 11, 31
Let g = 235 - 118. Let p = g - 61. What are the prime factors of p?
2, 7
Let p(j) = j**3 + 4*j**2 + j - 3. Let z be p(-4). What are the prime factors of 1*z/((-7)/6)?
2, 3
Suppose -3*q - 14 + 1 = -5*f, -2*f + 5*q - 10 = 0. Suppose 5*l + 25 = 3*d, l - 51 - 28 = -f*d. Let g(u) = 2*u + 14. What are the prime factors of g(d)?
2, 11
Let r = 645 - 223. What are the prime factors of r?
2, 211
Let u(s) = s**3 - 18*s**2 - 20*s + 24. Let g be u(19). Suppose -4*k + 0*k = -t - 248, 2*k + g*t = 146. What are the prime factors of k?
3, 7
Let w = -241 + 639. What are the prime factors of w?
2, 199
Let r be (-6)/10 + 10/(-25). Let m be -4 + 4 - (-3 + r). Let s = m + 28. What are the prime factors of s?
2
List the prime factors of (1 - -32)*(101/3 - 2).
5, 11, 19
Let a(z) = -z + 7. Let r be a(11). Let o be (-8)/((6/r)/(-3)). Let b = -11 - o. List the prime factors of b.
5
Let x(l) = 2*l**2 + 4*l + 67. What are the prime factors of x(-22)?
947
Suppose 3*u - 4*n + 3*n = -37, 4*u + 2*n = -36. Let p be ((-19)/((-456)/(-32)))/((-4)/174). Let g = p + u. List the prime factors of g.
47
Let w = -30 - -115. Let z = w + -11. List the prime factors of z.
2, 37
Let h = -795 + 1350. List the prime factors of h.
3, 5, 37
Let g = 1247 - 87. What are the prime factors of g?
2, 5, 29
Let n = 48 - 28. Suppose 3 = -2*z - j + 21, 3*z = 4*j + 27. Let x = z + n. List the prime factors of x.
29
Let n(a) = -10*a - 7. Suppose 9 = -3*m, 4*z - 4*m = 1 + 27. Suppose 0*s + z = -2*x + 3*s, 4*x + 24 = -2*s. What are the prime factors of n(x)?
43
Let o = 479 + -306. Suppose 4*q = -3*w + o + 741, 0 = 5*q - 3*w - 1129. List the prime factors of q.
227
Suppose 19*l + 2268 = 28*l. What are the prime factors of l?
2, 3, 7
Let j(p) = -p**2 - 41*p - 30. What are the prime factors of j(-14)?
2, 3, 29
Suppose 0 = -3*r - 3*h + 72, -4*r + 0*h + 110 = -3*h. Suppose r - 4 = 2*q. List the prime factors of q.
11
Let t = 35 - -74. List the prime factors of t.
109
Let k = 61 + -33. Let m be 2/3 - k/(-3). Let p(u) = u**3 - 9*u**2 - 9*u + 4. What are the prime factors of p(m)?
2, 7
Let u(r) = -7*r - 3. Let l(j) = 1. Let g(d) = -5*l(d) + u(d). What are the prime factors of g(-4)?
2, 5
Let d be 285/(-19)*8/(-6). Suppose 22*o - d*o = 124. What are the prime factors of o?
2, 31
Suppose -4*n = -n - 2298. What are the prime factors of 